m - b + y. What are the prime factors of m?
7
Suppose 0 = -6*h + 146 + 9610. List the prime factors of h.
2, 3, 271
Suppose -26*d = -39*d + 2743. What are the prime factors of d?
211
Let j = 17 - 14. Suppose m + j = 67. List the prime factors of m.
2
Suppose 10*g - 3*g = 7. Let c be g/(3 - (0 - -4)). What are the prime factors of -8*(c/(-4))/(-1)?
2
Suppose -2*b - 10 = 0, -609 = -3*y + 3*b - 6*b. Let d = -90 + y. List the prime factors of d.
2, 59
Let d(b) = 2*b**2 - b + 21. Let u = 10 - 8. Suppose -u*m - 4 = 0, -3*m - 4 = 2*w + 2. List the prime factors of d(w).
3, 7
Let j(p) = 17*p + 25. Let u(v) = -42*v - 62. Let b(z) = -12*j(z) - 5*u(z). Let o = 7 - 1. What are the prime factors of b(o)?
2, 23
Let g be ((-10)/20)/(2/(-16)). Suppose -z = n + g*n - 209, 3*n + 928 = 4*z. What are the prime factors of z?
229
Let n(y) = -42*y - 23. Let m be n(-9). Suppose m = 5*q + 5*x, -3*q + 51 + 172 = -2*x. What are the prime factors of q?
73
Suppose -2*u = -2*d + 6, d = 4*u + 3 + 3. What are the prime factors of (u - 34/6)/(6/(-225))?
2, 5
Suppose 0 = 2*y, 2*h + 5*y - 484 - 50 = 0. Suppose -3*p = -h + 3. List the prime factors of p.
2, 11
Suppose 4*f - 4*b + 13 = 1, 0 = -3*f + 2*b - 14. Let o = -17 - f. Let t = o - -12. What are the prime factors of t?
3
Let n(c) = -c**2 + 13*c - 7. Let t be n(9). Let x be (-12)/18*-3*t. Suppose i + 2*y + 23 = x, 0 = -3*i + 5*y + 61. List the prime factors of i.
3
Suppose -5*l = -6*l + 22. Let v = 32 - l. Let i = -8 + v. What are the prime factors of i?
2
Suppose -3*l = -4*p + 12, 2*l - 7*l - 20 = 0. Suppose p = -6*r + 45 + 309. List the prime factors of r.
59
Let f = 2382 + -1347. List the prime factors of f.
3, 5, 23
Suppose 3*w - 127 = 1097. What are the prime factors of w?
2, 3, 17
Suppose 0 = -6*s + 21 + 3. Suppose 4*a + 5*x - s = 23, 3*a - 21 = -4*x. What are the prime factors of a?
3
Suppose 3*m + 24 = 3*z, 3*z - 4*m = z + 24. Suppose f = 4*l + 106, -5*l + 312 = z*f - 7. List the prime factors of f.
2, 43
Let v(q) = -6*q - 9. Let j = 41 + -50. List the prime factors of v(j).
3, 5
Let c(w) = -9*w**3 - 2*w - 2. Let p be 13/(-7) - (-5)/(-35). List the prime factors of c(p).
2, 37
Let i = -33 - -1. What are the prime factors of (0 - i)/((-26)/(-13))?
2
Suppose 2*r - 24 = -4*s, r + 30 = -s + 5*s. Let g(f) = -f**3 + 6*f**2 + 6*f + 9. Let j be g(s). Suppose 0 = j*t + 34 - 148. List the prime factors of t.
3, 19
Let t = 5 + -2. Suppose s + 3 - 10 = -4*b, -4*s = -t*b + 29. Suppose 2*r + 15 = b*r. What are the prime factors of r?
3, 5
Suppose -t + 17 = -3*g, -10 = 2*g + 2*g + 5*t. Let p be ((-20)/(-50))/((-1)/g). Suppose h - u + 0*u = 7, -5*u = -p*h + 14. What are the prime factors of h?
7
Suppose 2*u + v = 13, -3*u = -4*v - 11 - 3. Suppose 0 = -f - 2, -2*h + 12 = 2*f - u*f. What are the prime factors of 55/h + (-9)/(-6)?
29
Suppose -5*x + 2*x + 24 = 0. Let y = 11 - x. Let l = y + 2. What are the prime factors of l?
5
Let s(p) = -p**3 + 12*p**2 + 11*p. Let n be s(13). Let r = 21 - n. List the prime factors of r.
47
Suppose -10 = -26*g + 24*g. Let j(t) = 13*t**3 - 1 - 2 + 2 + g*t**3. List the prime factors of j(1).
17
Suppose 0 = -h - h + 20. Let q(b) = 2 + h*b - 2*b**3 - 10*b - b**3 - b**2. What are the prime factors of q(-2)?
2, 11
Suppose -26*d = -4435 - 1675. List the prime factors of d.
5, 47
Let n be (-4)/(-14) + 6/(-21). Suppose -i - i + 64 = n. Let b = -19 + i. List the prime factors of b.
13
Suppose f + 15 = p - 22, -p + 40 = 2*f. Suppose -8*v = -9*v + p. What are the prime factors of v?
2, 19
Let p(f) = -2*f**3 + f + 75. Suppose 2*s = 4*j + 6, j + 0*s + 12 = 4*s. List the prime factors of p(j).
3, 5
Let u(l) = l**3 - 6*l**2 - 6*l - 6. Let g be u(7). Suppose 3*f - g = 14. Let z(p) = 8*p - 9. List the prime factors of z(f).
31
Let m(o) = 5*o - 2. Let n be m(1). Suppose -2*f + 4*f = 3*k - 193, n*f - 246 = -4*k. List the prime factors of k.
3, 7
Let s(x) = -x**3 + x + 192. Let o be s(0). Suppose -2*n - 3*v + o = n, -292 = -5*n + 2*v. What are the prime factors of n?
2, 3, 5
Let x be (-3)/(3/(-384)*6). Suppose -142 = -4*i + 3*t, -2*i + t = -x - 6. What are the prime factors of i?
2, 17
Let x(m) be the second derivative of m**4/12 - m**3/3 + 3*m**2/2 - 2*m. Let k be (18/(-15))/(3/(-10)). List the prime factors of x(k).
11
Suppose q = -0*v - v + 7, 0 = 5*q + 2*v - 29. Suppose 610 = q*a - 370. List the prime factors of a.
2, 7
List the prime factors of 590*(10 + 143/(-26)).
3, 5, 59
Suppose -2*j - 5*a + 2456 = 517, 0 = 3*j + a - 2915. What are the prime factors of j?
2, 3
Suppose -s = -5*p + 15, -3*p - s = -p - 13. Let v be 14/21*30/p. Suppose 0 = -4*x + 4*j + 232, -x = -2*x + v*j + 78. List the prime factors of x.
53
Let s = 1411 + -1401. What are the prime factors of s?
2, 5
Let d = -16 + 16. Suppose 5*l - 71 - 59 = d. What are the prime factors of l?
2, 13
Let v = 109 + -18. Suppose 2*y - 3*x - v = 0, -x = -3*x + 6. List the prime factors of y.
2, 5
Let r = -1 + 4. Suppose 0 = -r*h + h + 2. List the prime factors of 6/(3 - h) + 31.
2, 17
Let j(c) = c**2 + 7*c + 22. Let u be j(-5). Suppose u*o - 84 = 6*o. List the prime factors of o.
2, 7
Suppose -2*s + 3*s = 28. Suppose -3*t = -5*t + s. Suppose -t = n - 44. List the prime factors of n.
2, 3, 5
Let m be 0/(4 + 12/(-4)). Suppose 5*p - 2*b = 2*b + 386, m = -4*p - 2*b + 288. List the prime factors of p.
2, 37
Suppose -685 = 5*u - 1900. Let r = u + 35. List the prime factors of r.
2, 139
Let k = 157 - -394. What are the prime factors of k?
19, 29
Let h = 402 - 231. Suppose -23 = 4*l - h. List the prime factors of l.
37
Let r = -14 - -3. Let p be (36/8)/((-3)/(-22)). Let s = p + r. What are the prime factors of s?
2, 11
List the prime factors of 2/(-27) - (-2614876)/1188.
31, 71
Let o(y) = y + 7*y**2 + 0*y + 2*y**2 + 3*y**2. List the prime factors of o(-3).
3, 5, 7
Suppose 5*q + 0*q + 5*c = 600, 0 = 2*q - 5*c - 261. Suppose 5*w - m - 315 = 4*m, q = 2*w - m. List the prime factors of 60*(-8)/w*-6.
2, 3
What are the prime factors of 925 + (-24)/(-132) + (-6)/33?
5, 37
What are the prime factors of -386*(30/(-20))/(1/2)?
2, 3, 193
Suppose -l - 141 = 4*u, 5*l - 65 = 2*u - 0*l. Let v = u + 59. What are the prime factors of v?
2, 3
Let m(u) = u**2 + 70*u**3 - u + 0*u - 10*u**3. Let b be m(1). Suppose 0 = -3*g - 0 + b. What are the prime factors of g?
2, 5
Let x = -4 - -4. Suppose f + 2*c - 81 = 0, f - 363 = -4*f + 4*c. Suppose -2*j + d + 31 = -x*j, -5*j = -5*d - f. What are the prime factors of j?
2
Let h(i) = -i**2 - 6*i - 1. Suppose -4*c + 2*c = -12. Suppose 0 = 2*l - c*l - 16. List the prime factors of h(l).
7
Let g be 0 - (0/1)/(-1). Let d = 98 - 61. Suppose t = -g*t + d. List the prime factors of t.
37
Let g = -1094 - -658. List the prime factors of 1/((-6)/g*(-2)/(-3)).
109
Suppose -8*f = -703 - 249. Suppose t + f = 2*t. List the prime factors of t.
7, 17
Let m(p) = -3*p + 37. Let n be m(11). Suppose 0 = c - 2*g - 132 + 37, c - n*g = 93. What are the prime factors of c?
97
Let z(l) = 71*l + 663. What are the prime factors of z(27)?
2, 3, 5, 43
Let p = -89 + 238. What are the prime factors of p?
149
Let q(n) = -n**3 + 25*n**2 + 2*n - 28. Let s be q(25). Let u(i) = -i**2 + 5*i. Let k be u(6). Let t = s - k. What are the prime factors of t?
2, 7
Let x(p) = 6*p**2 - 6*p - 8. Suppose -3*a - 2*s - 5 = 2*s, -2*a - 2*s = 4. List the prime factors of x(a).
2
Suppose 3*m - 8*m = -3*y + 61, -54 = 4*m - 5*y. Let z = m + 16. Suppose z*s - 46 = 254. What are the prime factors of s?
2, 3, 5
Let v(u) = -u**3 - u**2 + 2*u + 2. Let z be v(-2). Suppose z*d + d - 21 = 0. Suppose -d*s + 90 = -8. What are the prime factors of s?
2, 7
Let h = -26 - -22. List the prime factors of 579/15 + h/(-10).
3, 13
Let l be (-2)/4 - (-175)/14. Suppose l*p - 13*p + 8 = 0. What are the prime factors of p?
2
What are the prime factors of (-6 + (-1 - -131))*4?
2, 31
Suppose 0 = 2*l - 15*d + 10*d - 239, d = 2*l - 251. List the prime factors of l.
127
List the prime factors of 10/(-2*(-4)/2764) + 1.
2, 3
Suppose -1901 = -4*i - 321. List the prime factors of i.
5, 79
Let c be (-48)/36*(-22 - (0 - -2)). Let y = c + -17. List the prime factors of y.
3, 5
Let p(o) = -14*o - 6. Let k = 6 + -14. What are the prime factors of p(k)?
2, 53
Suppose 2*d = -5*u + 1005, -15*d = 4*u - 20*d - 837. List the prime factors of u.
7, 